7899 a multiple of 39?
True
Is 14 a factor of 5092666040?
True
Is 342321188 a multiple of 13?
False
Does 486 divide 670688748?
True
Is 29 a factor of 40404859?
True
Does 91 divide 574399644?
True
Does 4669 divide 332689595?
True
Does 65 divide 960812264?
False
Does 1442 divide 154601084?
False
Does 13 divide 4317221?
False
Is 217384030 a multiple of 68?
False
Is 21 a factor of 207265254?
True
Does 2631 divide 503468160?
True
Does 459 divide 334974109?
False
Is 33753503 a multiple of 223?
True
Does 6 divide 1054289915?
False
Is 1133 a factor of 10249796?
False
Is 213 a factor of 7375338?
True
Is 59 a factor of 91144660?
False
Is 830364524 a multiple of 3553?
True
Is 119798043 a multiple of 899?
True
Is 2 a factor of 11534638?
True
Is 20483706 a multiple of 431?
True
Is 60198675 even?
False
Is 13 a factor of 140916386?
True
Is 11 a factor of 373948564?
True
Is 346 a factor of 503396092?
True
Is 30311488 a multiple of 32?
True
Is 6 a factor of 39366024?
True
Is 69380598 a multiple of 211?
True
Is 132373665 a multiple of 27?
False
Is 44 a factor of 964308576?
True
Is 184486173 a multiple of 113?
True
Is 1457000103 a multiple of 59?
True
Is 142 a factor of 1148814790?
True
Does 6 divide 307970670?
True
Is 1075 a factor of 549918400?
True
Does 21 divide 13764130?
False
Is 18750761 a multiple of 4?
False
Does 2900 divide 475643500?
True
Is 9189993 a multiple of 19?
False
Is 93 a factor of 133696216?
False
Does 987 divide 41693841?
True
Is 32 a factor of 18942458?
False
Is 514473035 a multiple of 1045?
False
Is 64769346 a multiple of 18?
True
Is 19660980 a multiple of 9?
False
Is 1117 a factor of 618388814?
False
Is 28329625 a multiple of 82?
False
Is 16 a factor of 56411616?
True
Does 696 divide 289860336?
True
Is 155 a factor of 757660770?
True
Does 1785 divide 39008380?
False
Is 747131886 a multiple of 9?
True
Does 16 divide 3763639?
False
Does 7 divide 41907124?
True
Is 109568556 a multiple of 2326?
True
Is 45477391 a multiple of 117?
False
Is 18580425 a multiple of 163?
False
Is 3 a factor of 223140?
True
Is 682294822 a multiple of 11?
True
Does 13941 divide 2166781702?
False
Does 18 divide 508464920?
False
Does 409 divide 59084796?
False
Is 294476604 a multiple of 12?
True
Is 853172573 a multiple of 33?
False
Is 1338004206 a multiple of 558?
True
Is 184 a factor of 161722550?
False
Does 620 divide 148221542?
False
Is 2612661800 a multiple of 2140?
True
Is 19 a factor of 6297588?
True
Is 158808930 a multiple of 100?
False
Is 951 a factor of 3889279974?
True
Does 997 divide 13315928?
False
Is 177 a factor of 97599022?
False
Is 543380904 a multiple of 264?
True
Does 361 divide 84677205?
False
Is 65 a factor of 140075?
True
Is 275 a factor of 358614850?
True
Does 124 divide 168103204?
True
Does 21 divide 126497700?
True
Is 162915913 a multiple of 175?
False
Does 600 divide 115845000?
True
Is 10 a factor of 89778282?
False
Is 5 a factor of 1382828?
False
Is 432 a factor of 173986272?
True
Is 223 a factor of 714956286?
True
Is 12 a factor of 75237444?
True
Is 4 a factor of 38372978?
False
Is 65354912 a multiple of 854?
True
Is 34180750 a multiple of 250?
True
Is 96 a factor of 98822880?
True
Is 1425 a factor of 40130850?
True
Is 87 a factor of 14113575?
True
Is 7 a factor of 441544?
False
Is 57487677 a multiple of 179?
False
Is 12 a factor of 170849811?
False
Is 51668731 even?
False
Is 897 a factor of 341913281?
False
Is 13833061 a multiple of 1111?
True
Does 9 divide 9031354?
False
Does 89 divide 16629561?
True
Is 7848892 a multiple of 8?
False
Does 13 divide 294675936?
False
Is 30531286 a multiple of 17?
True
Is 495 a factor of 372904415?
False
Is 2727 a factor of 460811372?
False
Is 237 a factor of 19146517?
False
Does 14 divide 838854100?
True
Is 389829833 a multiple of 9?
False
Is 38820122 a multiple of 31?
True
Is 23 a factor of 12307852?
True
Is 304 a factor of 182238576?
True
Does 2592 divide 35251200?
True
Does 3080 divide 4002463173?
False
Is 195781144 a multiple of 52?
True
Does 3 divide 38165418?
True
Does 3652 divide 101675332?
True
Is 148 a factor of 17716954?
False
Does 5 divide 36514298?
False
Does 25 divide 35983598?
False
Does 1007 divide 1134982190?
False
Does 47 divide 7026090431?
False
Is 570282016 a multiple of 32?
True
Is 133391218 a multiple of 218?
False
Is 30 a factor of 171975660?
True
Does 60 divide 2411447?
False
Is 1370 a factor of 93035688?
False
Does 267 divide 443939957?
False
Does 5 divide 18715863?
False
Is 415298565 a multiple of 165?
True
Is 11 a factor of 117502143?
True
Does 875 divide 408152500?
True
Does 133 divide 7913197?
False
Does 4 divide 297249844?
True
Is 1811 a factor of 576904086?
False
Is 3572751688 a multiple of 9809?
True
Is 318 a factor of 479770379?
False
Is 17744767 a multiple of 53?
False
Is 14573859 a multiple of 36?
False
Is 185009075 a multiple of 32?
False
Is 32 a factor of 28985067?
False
Is 388 a factor of 69581095?
False
Is 169888163 a multiple of 109?
True
Is 2522 a factor of 24382192?
False
Does 352 divide 47104640?
True
Does 90 divide 1162111950?
True
Does 63 divide 6562041?
False
Is 3446 a factor of 320450432?
True
Is 49695114 a multiple of 238?
True
Does 6 divide 9717399?
False
Does 152 divide 69399096?
True
Does 3930 divide 2397217470?
True
Does 42 divide 14296847?
False
Is 12262404 a multiple of 506?
True
Does 2723 divide 51069329?
False
Does 178 divide 24769768?
True
Is 4540 a factor of 465813080?
True
Is 112344312 a multiple of 318?
True
Does 79 divide 25144831?
True
Does 56 divide 1485404368?
True
Is 1698 a factor of 1515622028?
False
Is 134 a factor of 355334366?
True
Is 34 a factor of 1981771532?
True
Does 819 divide 11851963?
False
Is 21 a factor of 7354405?
False
Does 28 divide 20804799?
False
Is 14627200 a multiple of 7?
True
Is 55 a factor of 127458?
False
Does 15 divide 45967615?
False
Does 13 divide 139071533?
False
Is 175582129 a multiple of 3549?
False
Is 3875953 a multiple of 87?
False
Does 118 divide 18228040?
False
Is 2330571357 a multiple of 302?
False
Is 4494 a factor of 2623252729?
False
Is 247609579 a multiple of 7?
True
Is 662855024 a multiple of 884?
True
Is 160653187 a multiple of 200?
False
Does 13 divide 113686606?
False
Does 10359 divide 461365705?
False
Is 643661480 a multiple of 6470?
True
Is 827 a factor of 313969475?
False
Does 42 divide 1462254234?
True
Is 238 a factor of 1204310940?
True
Is 393 a factor of 424399914?
True
Is 110823890 a multiple of 14?
False
Is 36 a factor of 76791676?
False
Does 37 divide 12085330?
False
Is 43 a factor of 85414254?
True
Does 3471 divide 3399913920?
True
Is 22541112 a multiple of 216?
True
Is 643108600 a multiple of 50?
True
Is 179 a factor of 43212927?
True
Is 299 a factor of 83754684?
True
Is 928126056 a multiple of 312?
True
Is 11139 a factor of 2166580056?
True
Does 922 divide 25682310?
True
Is 829938186 a multiple of 294?
True
Is 20890563 a multiple of 21?
False
Is 556 a factor of 288800300?
True
Is 10 a factor of 243394930?
True
Is 1022 a factor of 268479400?
True
Is 275028003 a multiple of 67?
False
Is 275 a factor of 40079600?
True
Is 2566915491 a multiple of 108?
False
Is 277208906 a multiple of 4723?
False
Is 84142308 a multiple of 10?
False
Does 9 divide 23114565?
True
Does 14 divide 61472760?
False
Is 154 a factor of 24205957?
False
Does 1683 divide 47500992?
True
Is 553 a factor of 384920319?
False
Is 221681336 a multiple of 29?
True
Does 9 divide 96263046?
True
Does 979 divide 30603203?
False
Does 481 divide 6363476780?
False
Is 245342652 a multiple of 6?
True
Does 30 divide 1289520?
True
Is 12 a factor of 750278184?
True
Does 77 divide 372261505?
True
Is 16545601 a multiple of 2?
False
Is 102207452 a multiple of 42?
False
Is 172 a factor of 60499570?
False
Does 335 divide 2686030?
True
Is 274 a factor of 916442046?
True
Is 242258367 a multiple of 13?
True
Is 4524120 a multiple of 142?
True
Is 2 a factor of 637723?
False
Is 226441701 a multiple of 59?
False
Does 213 divide 330367125?
False
Does 168 divide 179605116?
False
Is 642875451 a multiple of 11?
False
Does 31 divide 636556852?
True
Does 8 divide 74611739?
False
Is 351 a factor of 22411878?
False
Is 81299454 even?
True
Is 439 a factor of 17305460?
False
Is 1746813016 a multiple of 29?
False
Is 603 a factor of 32263512?
False
Is 91312928 a mul